e units digit of d?
9
Let w = -79 + 108. What is the hundreds digit of w*-33*(-1)/3?
3
Suppose b - 5*f + 42 = 0, -5*f + 23 + 113 = -3*b. What is the tens digit of (-55 - b) + 133*1?
2
Suppose -11*y = -51399 + 15132. Suppose 0 = -10*d + 1753 + y. What is the tens digit of d?
0
Let r = -82 - 72. Let t = -99 - r. Suppose 58*n = t*n + 75. What is the units digit of n?
5
Let s(d) = d**2 - 20*d + 94. Let g be s(12). What is the units digit of (g - 1) + 105 + -28?
4
Let k = 477 + -806. Let c = 143 - k. What is the units digit of c?
2
Let v(i) = 1515*i**3 - 2*i**2 - 14*i + 28. What is the thousands digit of v(2)?
2
Suppose -12*r + 7*r = -7*r. What is the units digit of (r - 8 - -6)*111/(-6)?
7
Suppose -l + 45 = -104. Suppose -1409 = -5*r - 4*b, 5*b + 408 = 2*r - l. Let j = r - 58. What is the hundreds digit of j?
2
Let i be 4/(-22) - (-24)/198*-5163. Let b = -360 - i. What is the hundreds digit of b?
2
Let a(y) = 2*y**3 - 3*y**2 - 4. Suppose -4*v - 324 = -i, 0*i + 2*i - 5*v = 663. Let u be 2/11 - (4 + i/(-44)). What is the units digit of a(u)?
6
Let d(o) = -o + 4. Let i be d(4). Suppose 3*x + 15 = -i*x, -x - 57 = -2*g. What is the units digit of g?
6
Suppose -19 + 34 = 5*z. Suppose -z*m + 3*t + 24 = 0, -5*m + 59 = 3*t + 3. Suppose -8*g + m*g = 266. What is the tens digit of g?
3
Let h = 3760 + -1278. Suppose 21778 = 24*d + h. What is the units digit of d?
4
Let d = -12153 - -18756. What is the thousands digit of d?
6
Let u(l) = 67 + 58 + 975*l**2 - 11*l - 974*l**2. What is the units digit of u(28)?
1
Let o(k) = 54*k**2 - 90*k - 748. What is the ten thousands digit of o(-24)?
3
Suppose 0 = -y + 122 - 118. Let t be (168/105)/(y/(-10)). What is the hundreds digit of ((-2)/t)/(14/5404)?
1
What is the hundreds digit of (-180)/(-28) - 39/91 - -7697?
7
Suppose -5*r + 2*a = -r - 1540, 3*a + 1925 = 5*r. Let q(c) = c**2 - 15 - 2*c**2 + 368*c - r*c. What is the units digit of q(-10)?
5
Let p(a) = 314*a - 622. Let i be p(2). Let k(u) be the second derivative of u**5/20 - u**4/6 - 5*u**3/3 + 9*u**2/2 + u. What is the tens digit of k(i)?
9
Suppose c + 4*k - 108 - 429 = 0, 3*c - 1583 = -5*k. Suppose 3*h + f - 914 = 0, -c = -3*h + 3*f + 397. What is the hundreds digit of h?
3
Let h(q) = -8793*q**3 - 7*q**2 + 63*q + 129. What is the units digit of h(-2)?
9
Let a(i) = -2*i**2 - 11*i**2 + 10*i - 9*i**2 + 21*i**2 - 26. Let x be a(6). What is the hundreds digit of 12987/78 + x*(-2)/8?
1
Suppose -j + 3*r = -6794, 13*r = -4*j + 10*r + 27206. What is the units digit of j?
0
Let n be (2904/10)/((-7)/(-35)). Let l = -646 + n. What is the hundreds digit of l?
8
Let o = 26610 + -15394. What is the tens digit of o?
1
Let a be (2 + -1)/(-1)*1. Let c be -1 + -1 + 10*a. What is the units digit of 0 + (-729)/c - 6/8?
0
Suppose -5*c = -2013 - 4077. Suppose 0 = -6*d - 126 - c. Let o = d + 354. What is the tens digit of o?
3
Suppose -81*a = -88*a + 12138. Suppose -a = -6*t + 5310. What is the tens digit of t?
7
Let i be 1 + -5 - 6168/(-12). Let f = i + -170. What is the hundreds digit of f?
3
Let s = -18300 - -35877. What is the ten thousands digit of s?
1
Suppose -v = s - 33478, -39*s + 40*s - 100416 = -3*v. What is the units digit of v?
9
Suppose 4*g + 748 = -1176. What is the tens digit of (44/(-2))/(3 + 1469/g)?
0
Let r = -49169 - -94697. What is the hundreds digit of r?
5
Let q = 75 - 72. Let w(c) = -4*c**2 + c**3 + 3*c**2 - c - 9 + 2*c. What is the tens digit of w(q)?
1
Suppose 3*m = 4*q + 179, 3*q + 136 = -0*m + 4*m. Let g = -35 - q. Suppose g*o - 148 = 365. What is the units digit of o?
7
Suppose -s - 5*u - 323 = -5740, -3*u - 5377 = -s. What is the hundreds digit of s?
3
Let u be (-3)/6*2 - -6. Suppose 0 = 2*d + 100 - 344. Suppose u*c - 168 = d. What is the units digit of c?
8
Suppose -2*s + 2733 = -1155. Suppose 2*b - s = -b. Suppose 0*f = -6*f + b. What is the units digit of f?
8
Let n(m) = 29*m**3 + 6*m**2 - 63*m + 235. What is the ten thousands digit of n(12)?
5
What is the hundreds digit of 2313/(-16*1/(-32))?
6
Let y(p) = -1855*p + 4348. What is the ten thousands digit of y(-7)?
1
Let k(b) be the first derivative of 27*b**4/4 - b**3 + 3*b**2/2 - 19*b + 131. What is the tens digit of k(3)?
9
Let f(d) = -d**2 + 12*d - 37. Let t(w) = -11*w + 35. Let v(n) = -2*f(n) - 3*t(n). What is the units digit of v(4)?
7
Suppose 4*i - 9 = -r + 2*i, 9 = 3*i. Suppose 0 = -4*y - 4*m + 180, 2*y + m + 39 = r*y. What is the units digit of y?
2
Let o(c) = c**3 + c**2 - 17*c + 21349. What is the ten thousands digit of o(0)?
2
Let j(p) = -47*p + 9. Suppose -21 = y - 4*u, 4*u - 7*u + 17 = -y. Let k be j(y). Suppose -4*m + 0*m + k = 0. What is the units digit of m?
1
Suppose 2*a - 12 = -s, -3*a = s + 3*s - 23. Suppose a*u + 1980 = 7*u + 4*m, -4*u - 3*m + 3985 = 0. What is the thousands digit of u?
1
Suppose 559485 = 94*a - 311373 - 102230. What is the thousands digit of a?
0
Suppose 0 = 5*r + 16*r - 56259. What is the units digit of r?
9
Let n = 3 - 1. Let o be ((-510)/(-75))/((-8)/20). What is the tens digit of (o + n)/(4/(-24))?
9
Suppose -i = 16*i - 82998 - 130709. What is the hundreds digit of i?
5
Suppose 0 = -5*f - 6 + 1. Let q be 1/(((f + 0)*-1)/1). Let h(x) = 73*x**2 - x. What is the units digit of h(q)?
2
Suppose 7*j - 40 = 3*j. Suppose 5*s + 10 = 3*p + 2*p, j = -5*p - 5*s. Suppose -8*i + 11*i - 243 = p. What is the tens digit of i?
8
Let x(m) = -146*m - 18. Let j be x(-4). Let b = j + -343. What is the units digit of b?
3
Let k = -148 + 152. Suppose -5*l - 1301 = -4*b, -1 = k*l + 3. What is the units digit of b?
4
Let o = 735 - 1035. Let y = o - -1569. What is the units digit of y?
9
Let r be 0 + -8*(-3)/6. Let h be 3 + (-2728)/(-20) + r/(-10). Suppose d = 5*p - 24 + h, 4*p = 4*d - 396. What is the tens digit of d?
9
Suppose 34784 = -49*n + 65*n. What is the units digit of n?
4
Suppose 4*s - 2*l = 72980, -127737 = -22*s + 15*s - 2*l. What is the tens digit of s?
4
Let x = -217 - -219. Suppose 462 = z + 4*u, 0 = 5*z + x*u - 3*u - 2415. What is the hundreds digit of z?
4
Suppose 0 = -147*p - 164*p + 3021054. What is the tens digit of p?
1
Let b = 5509 - 3515. What is the thousands digit of b?
1
Let k = 240 + -64. Let m = -131 + k. What is the units digit of m?
5
Suppose -1095 = -8*c + 3*c. Suppose 5*j + c + 148 = -3*n, 555 = -5*n + 3*j. Let d = 195 + n. What is the units digit of d?
1
Let q be ((-618)/(-4))/(312/7904). Let r = q - 2173. What is the tens digit of r?
4
Suppose 0*v - 218 = 5*v + c, v = -4*c - 36. Let h = -47 - v. Let k(d) = 16*d**2 + d - 9. What is the units digit of k(h)?
2
Let o(d) = -d**2 + 14*d - 23. Let r be o(12). Let s be (-33)/(-9) - r/(-3). Suppose -2*a = 5*n - 81, 6*a - 120 = 2*a + s*n. What is the tens digit of a?
3
Let w = 23432 - 15126. What is the thousands digit of w?
8
Let k(h) = 13*h + 2571. What is the hundreds digit of k(-102)?
2
Let k(f) = 3*f**3 + f + 1. Let t be k(-1). Let z(b) = 7 + 10 - 2 + 840*b - 892*b. What is the units digit of z(t)?
1
Let f = 4053 + -1742. What is the units digit of f?
1
Suppose 3*d + 4*a - 2*a = 404, 5*d = 4*a + 688. Suppose -3*l = -7*l - d. Let h = l - -102. What is the units digit of h?
8
Let o = 3550 + -2200. What is the thousands digit of o?
1
Suppose -8*z = -20*z - 3528. Let j = -166 - z. What is the units digit of j?
8
Let c(q) = 1951*q**2 - 167*q + 3. What is the units digit of c(3)?
1
Let p(s) be the first derivative of -2*s**3/3 + 3*s**2 + 9*s + 1. Let i(k) = k**2 - 4*k - 6. Let v(n) = -8*i(n) - 5*p(n). What is the tens digit of v(-3)?
1
Suppose -7*d = -8*d - 35. What is the units digit of 6/(32/63 - (-10)/d)?
7
Suppose -135*j = -139*j + 3*g + 84415, -g + 105476 = 5*j. What is the thousands digit of j?
1
Suppose -3*z + 3 = -2*t, -6*z + z + 9 = -2*t. Let q be (-7)/(-28) + 49/28. Suppose -z*w = 4*y - 394, 0 = -y - 3*w + q*w + 98. What is the units digit of y?
0
Let a(h) = 104*h**3 + 2*h**2 + 6*h + 30. Let v be a(7). Suppose v = 43*y - 7975. What is the thousands digit of y?
1
Let r = -32 - -34. Suppose r*u + z + 4 = -3*z, -2*z = -4*u + 22. Suppose -2*m = -2*w + 10, -4*w + u*m - 2*m = -26. What is the units digit of w?
8
Suppose -19*d + 20*d - 13 = 0. Suppose 0 = -d*c + 3631 - 48663. What is the tens digit of 4/14 + c/(-28)?
2
Let h(d) = 22*d**2 + 2*d - 2. Let z be h(2). Suppose 3*w + 3*m = 126, -2*w - 6*m = -7*m - z. W